{"id":13115,"date":"2018-08-08T16:15:10","date_gmt":"2018-08-08T14:15:10","guid":{"rendered":"https:\/\/osb.org\/communio-internationalis-benedictinarum\/"},"modified":"2025-09-11T17:31:20","modified_gmt":"2025-09-11T15:31:20","slug":"communio-internationalis-benedictinarum","status":"publish","type":"page","link":"https:\/\/osb.org\/es\/la-orden-benedictina\/communio-internationalis-benedictinarum\/","title":{"rendered":"Communio internationalis benedictinarum"},"content":{"rendered":"<div class=\"fusion-fullwidth fullwidth-box fusion-builder-row-1 fusion-flex-container nonhundred-percent-fullwidth non-hundred-percent-height-scrolling\" style=\"--awb-border-radius-top-left:0px;--awb-border-radius-top-right:0px;--awb-border-radius-bottom-right:0px;--awb-border-radius-bottom-left:0px;--awb-flex-wrap:wrap;\" ><div class=\"fusion-builder-row fusion-row fusion-flex-align-items-flex-start fusion-flex-content-wrap\" style=\"max-width:calc( 1100px + 0px );margin-left: calc(-0px \/ 2 );margin-right: calc(-0px \/ 2 );\"><div class=\"fusion-layout-column fusion_builder_column fusion-builder-column-0 fusion_builder_column_1_1 1_1 fusion-flex-column\" style=\"--awb-bg-size:cover;--awb-width-large:100%;--awb-margin-top-large:0px;--awb-spacing-right-large:0px;--awb-margin-bottom-large:20px;--awb-spacing-left-large:0px;--awb-width-medium:100%;--awb-spacing-right-medium:0px;--awb-spacing-left-medium:0px;--awb-width-small:100%;--awb-spacing-right-small:0px;--awb-spacing-left-small:0px;\"><div class=\"fusion-column-wrapper fusion-flex-justify-content-flex-start fusion-content-layout-column\"><div class=\"fusion-text fusion-text-1\"><h3><span style=\"font-weight: 400;\">Communio internationalis benedictinarum<\/span><\/h3>\n<p><span style=\"font-weight: 400;\">La Comuni\u00f3n Internacional de Mujeres Benedictinas re\u00fane en un v\u00ednculo fraternal a todas las comunidades de mujeres consociadas con la Confederaci\u00f3n Benedictina.<\/span><\/p>\n<p><span style=\"font-weight: 400;\">En el \u00faltimo recuento de 2014, estas comunidades contaban con 13.725 miembros.<\/span><\/p>\n<p><span style=\"font-weight: 400;\">La CIB mantiene su propio sitio web en <a href=\"http:\/\/www.benedictines-cib.org\">www.benedictines-cib.org<\/a>.<\/span><\/p>\n<\/div><\/div><\/div><\/div><\/div>\n","protected":false},"excerpt":{"rendered":"","protected":false},"author":1,"featured_media":0,"parent":13175,"menu_order":3,"comment_status":"closed","ping_status":"closed","template":"","meta":{"footnotes":""},"class_list":["post-13115","page","type-page","status-publish","hentry"],"_links":{"self":[{"href":"https:\/\/osb.org\/es\/wp-json\/wp\/v2\/pages\/13115","targetHints":{"allow":["GET"]}}],"collection":[{"href":"https:\/\/osb.org\/es\/wp-json\/wp\/v2\/pages"}],"about":[{"href":"https:\/\/osb.org\/es\/wp-json\/wp\/v2\/types\/page"}],"author":[{"embeddable":true,"href":"https:\/\/osb.org\/es\/wp-json\/wp\/v2\/users\/1"}],"replies":[{"embeddable":true,"href":"https:\/\/osb.org\/es\/wp-json\/wp\/v2\/comments?post=13115"}],"version-history":[{"count":0,"href":"https:\/\/osb.org\/es\/wp-json\/wp\/v2\/pages\/13115\/revisions"}],"up":[{"embeddable":true,"href":"https:\/\/osb.org\/es\/wp-json\/wp\/v2\/pages\/13175"}],"wp:attachment":[{"href":"https:\/\/osb.org\/es\/wp-json\/wp\/v2\/media?parent=13115"}],"curies":[{"name":"wp","href":"https:\/\/api.w.org\/{rel}","templated":true}]}}

<div class="fusion-fullwidth fullwidth-box fusion-builder-row-1 fusion-flex-container nonhundred-percent-fullwidth non-hundred-percent-height-scrolling" style="--awb-border-radius-top-left:0px;--awb-border-radius-top-right:0px;--awb-border-radius-bottom-right:0px;--awb-border-radius-bottom-left:0px;--awb-flex-wrap:wrap;" ><div class="fusion-builder-row fusion-row fusion-flex-align-items-flex-start fusion-flex-content-wrap" style="max-width:calc( 1100px + 0px );margin-left: calc(-0px / 2 );margin-right: calc(-0px / 2 );"><div class="fusion-layout-column fusion_builder_column fusion-builder-column-0 fusion_builder_column_1_1 1_1 fusion-flex-column" style="--awb-bg-size:cover;--awb-width-large:100%;--awb-margin-top-large:0px;--awb-spacing-right-large:0px;--awb-margin-bottom-large:20px;--awb-spacing-left-large:0px;--awb-width-medium:100%;--awb-spacing-right-medium:0px;--awb-spacing-left-medium:0px;--awb-width-small:100%;--awb-spacing-right-small:0px;--awb-spacing-left-small:0px;"><div class="fusion-column-wrapper fusion-flex-justify-content-flex-start fusion-content-layout-column"><div class="fusion-text fusion-text-1"><h3><span style="font-weight: 400;">Communio internationalis benedictinarum</span></h3>
<p><span style="font-weight: 400;">La Comunión Internacional de Mujeres Benedictinas reúne en un vínculo fraternal a todas las comunidades de mujeres consociadas con la Confederación Benedictina.</span></p>
<p><span style="font-weight: 400;">En el último recuento de 2014, estas comunidades contaban con 13.725 miembros.</span></p>
<p><span style="font-weight: 400;">La CIB mantiene su propio sitio web en <a href="http://www.benedictines-cib.org">www.benedictines-cib.org</a>.</span></p>
</div></div></div></div></div>
