{"id":13205,"date":"2021-10-12T10:35:56","date_gmt":"2021-10-12T08:35:56","guid":{"rendered":"https:\/\/osb.org\/unsere-wurzeln\/eine-kurze-geschichte-des-benediktinerordens\/eine-historische-liste-der-primasaebte\/"},"modified":"2025-09-11T17:34:40","modified_gmt":"2025-09-11T15:34:40","slug":"eine-historische-liste-der-primasaebte","status":"publish","type":"page","link":"https:\/\/osb.org\/de\/unsere-wurzeln\/eine-kurze-geschichte-des-benediktinerordens\/eine-historische-liste-der-primasaebte\/","title":{"rendered":"Eine historische Liste der Primas\u00e4bte"},"content":{"rendered":"<div class=\"fusion-fullwidth fullwidth-box fusion-builder-row-1 fusion-flex-container nonhundred-percent-fullwidth non-hundred-percent-height-scrolling\" style=\"--awb-border-radius-top-left:0px;--awb-border-radius-top-right:0px;--awb-border-radius-bottom-right:0px;--awb-border-radius-bottom-left:0px;--awb-padding-right:10%;--awb-padding-left:10%;--awb-padding-right-medium:5%;--awb-padding-left-medium:5%;--awb-padding-right-small:0%;--awb-padding-left-small:0%;--awb-flex-wrap:wrap;\" ><div class=\"fusion-builder-row fusion-row fusion-flex-align-items-flex-start fusion-flex-content-wrap\" style=\"max-width:1144px;margin-left: calc(-4% \/ 2 );margin-right: calc(-4% \/ 2 );\"><div class=\"fusion-layout-column fusion_builder_column fusion-builder-column-0 fusion_builder_column_1_1 1_1 fusion-flex-column\" style=\"--awb-bg-size:cover;--awb-width-large:100%;--awb-margin-top-large:0px;--awb-spacing-right-large:1.92%;--awb-margin-bottom-large:20px;--awb-spacing-left-large:1.92%;--awb-width-medium:100%;--awb-order-medium:0;--awb-spacing-right-medium:1.92%;--awb-spacing-left-medium:1.92%;--awb-width-small:100%;--awb-order-small:0;--awb-spacing-right-small:1.92%;--awb-spacing-left-small:1.92%;\"><div class=\"fusion-column-wrapper fusion-column-has-shadow fusion-flex-justify-content-flex-start fusion-content-layout-column\"><div class=\"fusion-text fusion-text-1\"><ol start=\"1\">\n<li><b>Hildebrand de Hemptinne<\/b><span style=\"font-weight: 400;\">, geboren am 10. Juni 1849, Profess in Beuron am 15. August 1870, Priesterweihe am 11. Juni 1872, zum Abt von Maredsous gew\u00e4hlt am 9. August 1890, Abtweihe in Montecassino am 5. Okt. 1890, von Leo XIII. am 12. Juli 1893 auf Lebenszeit zum Abt von S. Anselmo und Abt Primas ernannt, gestorben in Beuron am 13. August 1913, beigesetzt in der Kirche der Erzabtei Beuron.<\/span><\/li>\n<\/ol>\n<ol start=\"2\">\n<li> <b>Fidelis von Stotzingen<\/b><span style=\"font-weight: 400;\">, geboren am 1. Mai 1871, Profess in Beuron am 25. Januar 1892, Priesterweihe am 27. September 1897, zum Abt von Maria Laach gew\u00e4hlt am 31. Okt. 1901, Abtweihe am 11. November 1901, zum Koadjutor-Abt Primas gew\u00e4hlt am 13. Mai 1913, Nachfolger am 13. August 1913, gestorben in Rom am 9. Januar 1947, beigesetzt auf dem Campo Verano.<\/span><\/li>\n<\/ol>\n<ol start=\"3\">\n<li> <b>Bernhard Kaelin<\/b><span style=\"font-weight: 400;\">, geboren am 21. M\u00e4rz 1887, Profess in Muri-Gries am 5. Okt. 1909, Priesterweihe am 18. Okt. 1912, zum Abt von Muri-Gries gew\u00e4hlt am 10. August 1945, Abtweihe am 13. August 1945, am 16. September 1947 zum III. Abt Primas gew\u00e4hlt, gestorben in Muri am 20. Okt. 1962, beigesetzt in Sarnen.<\/span><\/li>\n<\/ol>\n<ol start=\"4\">\n<li> <b>Benno Gut<\/b><span style=\"font-weight: 400;\">, geboren am 1. April 1897, Profess in Einsiedeln am 6. Januar 1918, Priesterweihe am 10. Juli 1921, zum Abt Ordinarius von Einsiedeln gew\u00e4hlt am 15. April 1947, Abtweihe am 5. Mai 1947, am 24. September 1959 zum IV. Abt Primas gew\u00e4hlt, am 26. Juni 1967 zum Kardinal S.R.E. ernannt, gestorben in Rom am 8. Dezember 1970, beigesetzt in Einsiedeln.<\/span><\/li>\n<\/ol>\n<ol start=\"5\">\n<li> <b>Rembert Weakland<\/b><span style=\"font-weight: 400;\">, Erzbischof emeritus, geboren im April 1927, Profess in Latrobe &#8211; Saint Vincent am 23. September 1946, Priesterweihe am 24. Juni 1951, zum Koadjutor-Abt von Latrobe gew\u00e4hlt am 26. Juni 1963, Abtweihe am 29. August 1963, am 29. September 1967 zum V. Abt Primas gew\u00e4hlt,<\/span> <span style=\"font-weight: 400;\">zum Erzbischof von Milwaukee ernannt am 17. September 1977, geweiht am 8. November 1977, emeritiert am 24. Mai 2002.<\/span><\/li>\n<\/ol>\n<ol start=\"6\">\n<li> <b>Viktor Dammertz<\/b><span style=\"font-weight: 400;\">, Bischof emeritus, geboren im Juni 1929, Profess in St. Ottilien am 16. Sept. 1954, Priesterweihe am 21. September 1957, zum Erzabt von St. Ottilien gew\u00e4hlt am 8. Januar 1975, Abtweihe am 2. Feb. 1975, am 22. Sept. 1977 zum VI. Abt Primas gew\u00e4hlt,<\/span> <span style=\"font-weight: 400;\">zum Bischof von Augsburg ernannt am 24. Dezember 1992, geweiht am 30. Januar 1993; R\u00fccktritt angenommen am 9. Juni 2004; gestorben in St. Ottilien am 2. M\u00e4rz 2020, beigesetzt im Augsburger Dom.<\/span><\/li>\n<\/ol>\n<ol start=\"7\">\n<li> <b>Jerome Theisen<\/b><span style=\"font-weight: 400;\">, geboren am 30. Dezember 1930, Profess in Collegeville &#8211; Saint John&#8217;s am 11. Juli 1952, Priesterweihe am 28. Juli 1957, zum Abt von Collegeville &#8211; Saint John&#8217;s gew\u00e4hlt am 22. August 1979, Abtweihe am 19. Okt. 1979, am 19. September 1992 zum Abt Primas und Abt von Sant&#8217;Anselmo gew\u00e4hlt, gestorben in Rom am 11. September 1995, beigesetzt in Collegeville.<\/span><\/li>\n<\/ol>\n<p style=\"padding-left: 30px;\"><b>Francis Rossiter<\/b><span style=\"font-weight: 400;\">, geboren im April 1931, Profess in Ealing am 2. Oktober 1950, Priesterweihe am 11. Juli 1955, zum Abt von Ealing gew\u00e4hlt am 20. Juli 1967, Abtweihe am 11. Oktober 1967, zur\u00fcckgetreten am 9. April 1991, Abtpr\u00e4ses der Englischen Benediktinerkongregation von 1985 bis 2001, Pro-Primas vom 12. September 1995 bis zum 18. September 1996.<\/span><\/p>\n<ol start=\"8\">\n<li> <b>Marcel Rooney<\/b><span style=\"font-weight: 400;\">, geboren im September 1937, Profess in Conception am 12. September 1958, Priesterweihe am 21. September 1963, zum Abt der Abtei Conception gew\u00e4hlt am 14. April 1993, Abtweihe am 10. Mai 1993, am 18. September 1996 zum Abt Primas und Abt von Sant&#8217;Anselmo gew\u00e4hlt, zur\u00fcckgetreten am 3. September 2000.<\/span><\/li>\n<\/ol>\n<ol start=\"9\">\n<li> <b>Notker Wolf<\/b><span style=\"font-weight: 400;\">, geboren im Juni 1940, Profess in St. Ottilien am 17. September 1962, Priesterweihe am 1. September 1968, zum Erzabt von Sankt Ottilien gew\u00e4hlt am 1. Oktober 1977, Abtweihe am 22. Oktober 1977, am 7. September 2000 zum Abt Primas und Abt von Sant&#8217;Anselmo gew\u00e4hlt, emeritiert am 9. September 2016.<\/span><\/li>\n<\/ol>\n<ol start=\"10\">\n<li> <b>Gregory Polan<\/b><span style=\"font-weight: 400;\">, geboren im Januar 1950, Profess in Conception am 28. August 1971, Priesterweihe am 26. Mai 1977, zum Abt der Abtei Conception gew\u00e4hlt am 6. November 1996, Abtweihe am 9. Dezember 1996, am 10. September 2016 zum Abt Primas und Abt von Sant\u2019Anselmo gew\u00e4hlt, emeritiert am 14. Sept. 2024.<\/span><\/li>\n<\/ol>\n<ol start=\"11\">\n<li> <b>Jeremias Schr\u00f6der<\/b><span style=\"font-weight: 400;\">, geboren im Dezember 1964; Profess in der Erzabtei Sankt Ottilien am 14. September 1985; Priesterweihe am 7. Juni 1992; am 5. Okt. 2000 zum sechsten Erzabt der Erzabtei Sankt Ottilien gew\u00e4hlt und am 28. Okt. 2000 geweiht; am 13. Okt. 2012 zum Abtpr\u00e4ses der Ottilienkongregation gew\u00e4hlt und best\u00e4tigt; zum Administrator von Sankt Georgenberg ernannt 2021-2025; wieder zum Abtpr\u00e4ses der Ottilienkongregation gew\u00e4hlt 2022-2024; am 14. September 2024 zum Abt Primas und Abt von Sant\u2019Anselmo gew\u00e4hlt.<\/span><\/li>\n<\/ol>\n<\/div><\/div><\/div><\/div><\/div>\n","protected":false},"excerpt":{"rendered":"","protected":false},"author":1,"featured_media":0,"parent":13186,"menu_order":0,"comment_status":"closed","ping_status":"closed","template":"","meta":{"footnotes":""},"class_list":["post-13205","page","type-page","status-publish","hentry"],"_links":{"self":[{"href":"https:\/\/osb.org\/de\/wp-json\/wp\/v2\/pages\/13205","targetHints":{"allow":["GET"]}}],"collection":[{"href":"https:\/\/osb.org\/de\/wp-json\/wp\/v2\/pages"}],"about":[{"href":"https:\/\/osb.org\/de\/wp-json\/wp\/v2\/types\/page"}],"author":[{"embeddable":true,"href":"https:\/\/osb.org\/de\/wp-json\/wp\/v2\/users\/1"}],"replies":[{"embeddable":true,"href":"https:\/\/osb.org\/de\/wp-json\/wp\/v2\/comments?post=13205"}],"version-history":[{"count":0,"href":"https:\/\/osb.org\/de\/wp-json\/wp\/v2\/pages\/13205\/revisions"}],"up":[{"embeddable":true,"href":"https:\/\/osb.org\/de\/wp-json\/wp\/v2\/pages\/13186"}],"wp:attachment":[{"href":"https:\/\/osb.org\/de\/wp-json\/wp\/v2\/media?parent=13205"}],"curies":[{"name":"wp","href":"https:\/\/api.w.org\/{rel}","templated":true}]}}

Eine historische Liste der Primasäbte

<div class="fusion-fullwidth fullwidth-box fusion-builder-row-1 fusion-flex-container nonhundred-percent-fullwidth non-hundred-percent-height-scrolling" style="--awb-border-radius-top-left:0px;--awb-border-radius-top-right:0px;--awb-border-radius-bottom-right:0px;--awb-border-radius-bottom-left:0px;--awb-padding-right:10%;--awb-padding-left:10%;--awb-padding-right-medium:5%;--awb-padding-left-medium:5%;--awb-padding-right-small:0%;--awb-padding-left-small:0%;--awb-flex-wrap:wrap;" ><div class="fusion-builder-row fusion-row fusion-flex-align-items-flex-start fusion-flex-content-wrap" style="max-width:1144px;margin-left: calc(-4% / 2 );margin-right: calc(-4% / 2 );"><div class="fusion-layout-column fusion_builder_column fusion-builder-column-0 fusion_builder_column_1_1 1_1 fusion-flex-column" style="--awb-bg-size:cover;--awb-width-large:100%;--awb-margin-top-large:0px;--awb-spacing-right-large:1.92%;--awb-margin-bottom-large:20px;--awb-spacing-left-large:1.92%;--awb-width-medium:100%;--awb-order-medium:0;--awb-spacing-right-medium:1.92%;--awb-spacing-left-medium:1.92%;--awb-width-small:100%;--awb-order-small:0;--awb-spacing-right-small:1.92%;--awb-spacing-left-small:1.92%;"><div class="fusion-column-wrapper fusion-column-has-shadow fusion-flex-justify-content-flex-start fusion-content-layout-column"><div class="fusion-text fusion-text-1"><ol start="1">
<li><b>Hildebrand de Hemptinne</b><span style="font-weight: 400;">, geboren am 10. Juni 1849, Profess in Beuron am 15. August 1870, Priesterweihe am 11. Juni 1872, zum Abt von Maredsous gewählt am 9. August 1890, Abtweihe in Montecassino am 5. Okt. 1890, von Leo XIII. am 12. Juli 1893 auf Lebenszeit zum Abt von S. Anselmo und Abt Primas ernannt, gestorben in Beuron am 13. August 1913, beigesetzt in der Kirche der Erzabtei Beuron.</span></li>
</ol>
<ol start="2">
<li> <b>Fidelis von Stotzingen</b><span style="font-weight: 400;">, geboren am 1. Mai 1871, Profess in Beuron am 25. Januar 1892, Priesterweihe am 27. September 1897, zum Abt von Maria Laach gewählt am 31. Okt. 1901, Abtweihe am 11. November 1901, zum Koadjutor-Abt Primas gewählt am 13. Mai 1913, Nachfolger am 13. August 1913, gestorben in Rom am 9. Januar 1947, beigesetzt auf dem Campo Verano.</span></li>
</ol>
<ol start="3">
<li> <b>Bernhard Kaelin</b><span style="font-weight: 400;">, geboren am 21. März 1887, Profess in Muri-Gries am 5. Okt. 1909, Priesterweihe am 18. Okt. 1912, zum Abt von Muri-Gries gewählt am 10. August 1945, Abtweihe am 13. August 1945, am 16. September 1947 zum III. Abt Primas gewählt, gestorben in Muri am 20. Okt. 1962, beigesetzt in Sarnen.</span></li>
</ol>
<ol start="4">
<li> <b>Benno Gut</b><span style="font-weight: 400;">, geboren am 1. April 1897, Profess in Einsiedeln am 6. Januar 1918, Priesterweihe am 10. Juli 1921, zum Abt Ordinarius von Einsiedeln gewählt am 15. April 1947, Abtweihe am 5. Mai 1947, am 24. September 1959 zum IV. Abt Primas gewählt, am 26. Juni 1967 zum Kardinal S.R.E. ernannt, gestorben in Rom am 8. Dezember 1970, beigesetzt in Einsiedeln.</span></li>
</ol>
<ol start="5">
<li> <b>Rembert Weakland</b><span style="font-weight: 400;">, Erzbischof emeritus, geboren im April 1927, Profess in Latrobe &#8211; Saint Vincent am 23. September 1946, Priesterweihe am 24. Juni 1951, zum Koadjutor-Abt von Latrobe gewählt am 26. Juni 1963, Abtweihe am 29. August 1963, am 29. September 1967 zum V. Abt Primas gewählt,</span> <span style="font-weight: 400;">zum Erzbischof von Milwaukee ernannt am 17. September 1977, geweiht am 8. November 1977, emeritiert am 24. Mai 2002.</span></li>
</ol>
<ol start="6">
<li> <b>Viktor Dammertz</b><span style="font-weight: 400;">, Bischof emeritus, geboren im Juni 1929, Profess in St. Ottilien am 16. Sept. 1954, Priesterweihe am 21. September 1957, zum Erzabt von St. Ottilien gewählt am 8. Januar 1975, Abtweihe am 2. Feb. 1975, am 22. Sept. 1977 zum VI. Abt Primas gewählt,</span> <span style="font-weight: 400;">zum Bischof von Augsburg ernannt am 24. Dezember 1992, geweiht am 30. Januar 1993; Rücktritt angenommen am 9. Juni 2004; gestorben in St. Ottilien am 2. März 2020, beigesetzt im Augsburger Dom.</span></li>
</ol>
<ol start="7">
<li> <b>Jerome Theisen</b><span style="font-weight: 400;">, geboren am 30. Dezember 1930, Profess in Collegeville &#8211; Saint John&#8217;s am 11. Juli 1952, Priesterweihe am 28. Juli 1957, zum Abt von Collegeville &#8211; Saint John&#8217;s gewählt am 22. August 1979, Abtweihe am 19. Okt. 1979, am 19. September 1992 zum Abt Primas und Abt von Sant&#8217;Anselmo gewählt, gestorben in Rom am 11. September 1995, beigesetzt in Collegeville.</span></li>
</ol>
<p style="padding-left: 30px;"><b>Francis Rossiter</b><span style="font-weight: 400;">, geboren im April 1931, Profess in Ealing am 2. Oktober 1950, Priesterweihe am 11. Juli 1955, zum Abt von Ealing gewählt am 20. Juli 1967, Abtweihe am 11. Oktober 1967, zurückgetreten am 9. April 1991, Abtpräses der Englischen Benediktinerkongregation von 1985 bis 2001, Pro-Primas vom 12. September 1995 bis zum 18. September 1996.</span></p>
<ol start="8">
<li> <b>Marcel Rooney</b><span style="font-weight: 400;">, geboren im September 1937, Profess in Conception am 12. September 1958, Priesterweihe am 21. September 1963, zum Abt der Abtei Conception gewählt am 14. April 1993, Abtweihe am 10. Mai 1993, am 18. September 1996 zum Abt Primas und Abt von Sant&#8217;Anselmo gewählt, zurückgetreten am 3. September 2000.</span></li>
</ol>
<ol start="9">
<li> <b>Notker Wolf</b><span style="font-weight: 400;">, geboren im Juni 1940, Profess in St. Ottilien am 17. September 1962, Priesterweihe am 1. September 1968, zum Erzabt von Sankt Ottilien gewählt am 1. Oktober 1977, Abtweihe am 22. Oktober 1977, am 7. September 2000 zum Abt Primas und Abt von Sant&#8217;Anselmo gewählt, emeritiert am 9. September 2016.</span></li>
</ol>
<ol start="10">
<li> <b>Gregory Polan</b><span style="font-weight: 400;">, geboren im Januar 1950, Profess in Conception am 28. August 1971, Priesterweihe am 26. Mai 1977, zum Abt der Abtei Conception gewählt am 6. November 1996, Abtweihe am 9. Dezember 1996, am 10. September 2016 zum Abt Primas und Abt von Sant’Anselmo gewählt, emeritiert am 14. Sept. 2024.</span></li>
</ol>
<ol start="11">
<li> <b>Jeremias Schröder</b><span style="font-weight: 400;">, geboren im Dezember 1964; Profess in der Erzabtei Sankt Ottilien am 14. September 1985; Priesterweihe am 7. Juni 1992; am 5. Okt. 2000 zum sechsten Erzabt der Erzabtei Sankt Ottilien gewählt und am 28. Okt. 2000 geweiht; am 13. Okt. 2012 zum Abtpräses der Ottilienkongregation gewählt und bestätigt; zum Administrator von Sankt Georgenberg ernannt 2021-2025; wieder zum Abtpräses der Ottilienkongregation gewählt 2022-2024; am 14. September 2024 zum Abt Primas und Abt von Sant’Anselmo gewählt.</span></li>
</ol>
</div></div></div></div></div>
